*2. Let x be j(-1). What is the tens digit of 195/6 + (-9)/x?
3
Let g(f) = -12*f + 25. What is the hundreds digit of g(-12)?
1
Let t = 61 - 52. What is the tens digit of -2*3*(0 - 111/t)?
7
Let b be (4 - 4)/(3/(-1)). Suppose 0 = 3*g + 4*q - 444, b = -3*q - 0*q - 9. What is the units digit of g?
2
Let t(g) = -g**2 + 4*g + 4. Let m be t(4). What is the tens digit of 1/(m/(-8)) - -85?
8
Let x(z) = 2*z**2 + 118*z - 7. What is the tens digit of x(-65)?
7
Suppose 39 - 14 = 5*y - 5*h, h - 5 = -y. Suppose -2*u = 3*u - 10. Suppose u*g = -3*g + y. What is the units digit of g?
1
What is the tens digit of (-8 - 1582/(-35))*10?
7
Suppose -5*n + 2*f = -1070, 2*f - 856 = -4*n + 3*f. What is the units digit of n?
4
Suppose 0 = 4*p - 6*p + 10. Suppose k + 2*g = 41, 7*k + p*g = 2*k + 200. What is the tens digit of k?
3
What is the units digit of (5*(-14)/(-105))/(6/6471)?
9
Let z(u) = -5*u + 5. Let l be z(-6). Suppose 0 = 5*q + x - 30, 3*q + 2*x - l = -2*q. Suppose -q = 5*g - 15. What is the units digit of g?
2
Let i(t) = -t**3 - t**2 + 3*t - 1. Let u be i(-3). Suppose -v - v + u = 0. Suppose v*y + 4*h - 120 = 2*y, 258 = 5*y - 4*h. What is the tens digit of y?
5
Suppose -33*u + 336 = -32*u. What is the tens digit of u?
3
Suppose -16*j - j + 8330 = 0. What is the tens digit of j?
9
Suppose 2*l + 34 = 2. Let c = l + 18. What is the units digit of c?
2
Let z(x) = -x**2 + 24*x + 8. Let r(y) = 2*y**2 + 10*y - 29. Let c be r(3). What is the tens digit of z(c)?
0
Let j(o) = 10*o**2 + 3*o + 2. Let b be j(-2). Suppose -q = -2*p + 9 + 5, -2*p = 4*q + b. Let z = -6 - q. What is the units digit of z?
4
Let w(q) = -59 + q**3 + 4*q + 23 + 29 - 8*q**2. Suppose -5 = -h + 3. What is the tens digit of w(h)?
2
Let d(v) = -v - 2. Let x(g) = g**2 + 9*g + 4. Let h(p) = 2*d(p) - x(p). Let r = -14 + 6. What is the units digit of h(r)?
6
Suppose -4*d - 11 = -2*f - 9*d, 5*f + 3*d = -20. Let n(h) = -2 + 1 - 1 + 0*h - h. What is the units digit of n(f)?
5
Let v(j) = -j + 23 - 1 + 1. Let h be v(8). Let s = -12 + h. What is the units digit of s?
3
What is the hundreds digit of ((-55622)/42 + -11)/(4/(-6))?
0
Let k = -685 + 1103. What is the units digit of k?
8
Let q(p) = 2*p**2 + 3. Let w be q(-2). Suppose 2*c - w = 1. What is the units digit of 3/c*(-1 + 59)?
9
Suppose -7*m + 5479 = -7646. What is the hundreds digit of m?
8
Let y(l) = l**2 + 2*l - 1. Let q(b) = 6*b - 9. Let k be q(2). What is the units digit of y(k)?
4
Suppose -38 + 364 = 2*m + 3*i, 2*m - 310 = i. What is the tens digit of m?
5
Let z(l) = 15*l**2 + 3*l + 8 - l + l**3 - 17*l**2. What is the units digit of z(4)?
8
Let b be (0 + -32)/(4/(-6)). Let g be (b/(-10))/(2/(-15)). Suppose 0 + g = i. What is the units digit of i?
6
Let w be (-4 + 4 + 31)*-1. Let s = 0 - w. What is the tens digit of s?
3
Suppose 6 - 2 = -k + 5*u, -2*k - 3*u = -44. Suppose 4*d = -k, 3*d - 138 = -0*c - 2*c. What is the tens digit of c?
7
Suppose -7*n + 2016 = -5*n. What is the units digit of n/9 + (-2)/4*2?
1
Let n = -17 + 17. Let y = n + 62. What is the units digit of y?
2
Suppose -16 = -2*s - 2*s. Suppose -s*q - 5*d + 119 = 0, -q + 4*d = -23 - 33. What is the tens digit of q?
3
Suppose 4*i = -16, 7360 = 8*c - 4*c - 4*i. What is the units digit of c?
6
Let c = -303 + 350. What is the tens digit of c?
4
Let x = 3674 + -2089. What is the units digit of x?
5
Suppose 242*h = 238*h + 2844. What is the units digit of h?
1
What is the hundreds digit of 1521/5 + -3 + 2/(-10)?
3
What is the hundreds digit of (-1 - -251)*(-49)/(-14)?
8
Let o(q) = 5*q - 3*q**2 - 6 + 15 - q**2 + 3*q**2. Let i be o(9). What is the units digit of (i/18)/((-2)/32)?
4
Let n be -2*1*31/2. Let r be (-1983)/(-30) + 8/(-80). Let g = r + n. What is the tens digit of g?
3
Let w(h) = -4*h**2 - 2*h + 3. Let v be w(0). Suppose -a = 4*x - 3*a - 12, -2*x - a = -10. Let q = v + x. What is the units digit of q?
7
Let l(y) = -1 - 2 - 6*y - 5 - 13. What is the units digit of l(-14)?
3
Let i(m) = -m**3 + 5*m**2 - 3*m + 2. Let g(y) = 3*y - 3. Let o = 23 + -21. Let c be g(o). What is the tens digit of i(c)?
1
Suppose -4*a = s - 5 - 27, 2*s + 17 = a. Let p(n) = -3*n**2 + 14*n - 5. Let d(i) = i**2. Let j(v) = 2*d(v) + p(v). What is the units digit of j(a)?
0
Suppose 204 = m + 4*r, 0 = -10*r + 13*r. What is the tens digit of m?
0
Let a = -979 + 548. Let d = -233 - a. What is the tens digit of d?
9
Let l = -248 - -636. What is the hundreds digit of l?
3
Suppose 11*w - 12*w + 51 = 0. Suppose -w*h = -46*h - 195. What is the tens digit of h?
3
Suppose 2*w + 3*z - 1133 = 0, -5*w - 8*z = -3*z - 2820. What is the tens digit of w?
5
Suppose -5*t + 1 = 4*n - 0*n, 31 = 4*n - 5*t. Suppose 17 - 1 = n*l, -115 = -5*p + 5*l. Let h = p - 18. What is the units digit of h?
9
Let z be 12/28 + (-2 - (-1042)/(-14)). Let m = z + 78. What is the units digit of m?
2
Let b(z) = -z**3 + 8*z**2 + 53*z + 13. What is the units digit of b(10)?
3
Suppose -2*t + 6*t - 1820 = 0. Suppose -6*w - t = -11*w. What is the tens digit of w?
9
Let y(a) = -a + 1. Let o be y(-6). Let z = o - 5. What is the units digit of z*30*(-1)/(-2)?
0
Let o be 11/33 + (-127)/3. Let z be (o/49)/((-2)/42). What is the units digit of -2 + 7/(7/z)?
6
Suppose 0 = 10*q - 15*q. Suppose q = -4*c + 5*j + 217, 2*c + 2*j = -3*j + 71. What is the tens digit of c?
4
Suppose -21*i + 12*i + 24093 = 0. What is the thousands digit of i?
2
Suppose -5*u - 90 = -0*d - 5*d, u + 2*d + 27 = 0. What is the units digit of 834/7 + 3/u?
9
Let o(d) = 113*d + 2. Let z be o(1). What is the hundreds digit of 4324/z*1*5?
1
Let n be (15/20)/((-9)/(-48)). Let w be 197*((-6)/(-3) + -1). Suppose -n*p - 5*q + 254 = 0, w = 2*p - q + 63. What is the units digit of p?
6
Suppose -10*s + 6 = -8*s. Suppose -3*d - 6 = 0, s*l - 2*d = -0*l + 148. What is the tens digit of l?
4
Suppose -o + 26 = -21. What is the tens digit of o?
4
Suppose 0 = -0*x - 2*x - 2. Let m be 4/(-12) + x/(-3). Suppose 237 = 4*t - m*t - b, -4*t - 5*b + 255 = 0. What is the tens digit of t?
6
Suppose -2*h + 6784 = 6*h. What is the hundreds digit of h?
8
Let a be 2 - -6 - (1 - -1). Let y(m) be the third derivative of m**4/2 - 5*m**3/6 + 2*m**2 - 130*m. What is the tens digit of y(a)?
6
Suppose u - 6*u - 4*f = -23, 5*u = -3*f + 26. Let o(d) = 2*d**2 - 10*d - 21. What is the units digit of o(u)?
7
Let b(y) = 37*y + 12. What is the tens digit of b(11)?
1
Let t(f) = 114*f + 32. Let w be t(5). Let z = w + -397. What is the tens digit of z?
0
Suppose 1656 = 36*x - 33*x. Suppose -34*o = -28*o - x. What is the units digit of o?
2
Let x = 889 - 716. What is the hundreds digit of x?
1
Suppose -187 = -3*n - 40. Suppose 4*d + 12 = 4*w + 124, 2*d = -3*w - 59. Let u = w + n. What is the tens digit of u?
2
Suppose -i = 5*j + 18, -5*j - 4*i = -0*j + 27. Let r(o) = 16*o**2 - o - 7. What is the units digit of r(j)?
0
Let g = 1601 + -1120. What is the hundreds digit of g?
4
Let c(u) = 4*u**3 + u**2 + 5*u - 2. What is the tens digit of c(4)?
9
Suppose 0 = 3*n - 1257 - 396. What is the tens digit of n?
5
Suppose -5*f + 8 = -3*f. Suppose -5*g + 2*r = r - 25, -2*g + 4*r + 28 = 0. Suppose f*c - 124 = s, -58 - 46 = -4*c - g*s. What is the units digit of c?
0
What is the tens digit of (4/(-2) - -138) + (21 - 26)?
3
Suppose -4*k + 3 = -17. Suppose q - 22 = 3*g, k*q - g = -2*g + 142. What is the units digit of q?
8
Let m(o) = -o**3 - 15*o**2 + 45*o + 34. What is the tens digit of m(-21)?
3
Let n(r) = 2*r - 10. Let s be n(9). Suppose -2*h + 0 + s = 0. Suppose 5*u - 62 = 3*m, -m + h*m = -12. What is the tens digit of u?
1
Let d(y) = 3*y**2 - 4*y - 7. Let q be d(8). Let l = q + 31. What is the tens digit of l?
8
Let w(k) = -14*k - 21 + 3*k**2 + k**3 - 16*k**2 + 4*k. What is the units digit of w(14)?
5
Let c = -6 - -10. Suppose -l + 3*t = -0*t - 2, 0 = -c*l - t - 18. Let z = 7 - l. What is the tens digit of z?
1
Let m(f) = f**3 - 10*f**2 + 12*f + 1. Let u be m(9). Suppose 0 = -4*l + 8 + u. What is the units digit of (68/6)/(6/l)?
7
Let i be 32/12*3/(-2). Let x = 9 - 18. Let f = i - x. What is the units digit of f?
5
Suppose 0 = -5*f + 25, 0 = -j + 2*f + 203 - 46. What is the units digit of j?
7
Let o(l) = -l**3 - 5*l + 7. Let s be o(-5). Suppose s + 118 = 5*i. Suppose w - 4*t - 9 = 0, -5*t + i = 3*w - 23. What is the tens digit of w?
2
Let y = 41 + -28. Suppose 